-1 - -3. Suppose 8 - 4 = z - g*n, 5 = 2*z - n. What is the remainder when (z + 1/(-4))*4 is divided by 4?
3
Suppose -3*m + 53 + 13 = 0. Calculate the remainder when m is divided by 8.
6
Let l be (-3 + 0)/3 - -6. Suppose v = -3*q + 8 + 48, -l*q + 100 = 5*v. Let s = -11 - -21. What is the remainder when q is divided by s?
8
Let o = -15 - -24. Calculate the remainder when 15 is divided by o.
6
Let n = 67 + 18. Calculate the remainder when n is divided by (-2)/6 + (-134)/(-6).
19
Let s be 6/(-2*9/12). What is the remainder when 2 - (6 + 1)*-5 is divided by (26/(-3))/(s/6)?
11
Let c(q) = -q**3 - 1 - 3*q**2 - 2*q**2 + 4 - 6*q + q. Calculate the remainder when c(-4) is divided by 4.
3
Suppose 0 = -5*z + 70 + 65. Calculate the remainder when z is divided by 7.
6
Suppose -4*h + 8 = -4*l, 4*l + 0*h - 3*h + 8 = 0. Let j(g) = -2*g**3 - 3*g**2 - g + 2. Let m = -17 - -40. Calculate the remainder when m is divided by j(l).
7
Let d = 28 + -12. What is the remainder when 46 is divided by d?
14
Let y = -167 + 174. What is the remainder when 11 is divided by y?
4
Let b = 30 - 26. Calculate the remainder when b is divided by 3.
1
Suppose 3*j - 5*m = 27, -4*m + 34 = 2*j - 2*m. Let w = j - 13. Calculate the remainder when 3 is divided by w.
0
Let w be 6 + 2*(-3)/3. Suppose g - 2*t - 21 = 0, g + t + w*t - 42 = 0. Calculate the remainder when g is divided by 7.
6
Let g be (16/(-6))/(10/(-15)). Suppose 0 = g*m - 8 - 12. Calculate the remainder when 2/(-9) - (-130)/18 is divided by m.
2
Let h(s) = s**3 + 11*s**2 + 9*s - 1. Calculate the remainder when (-97)/(-3) + (-7)/21 is divided by h(-10).
5
Calculate the remainder when 3 - (4/(-1) - 59) is divided by 17.
15
Suppose 2*w = s - 14, -4*s + 0*s = 4*w - 56. What is the remainder when 39 is divided by s?
11
Suppose -2*a - 1224 = -5*f, 4*f + a - 1342 = -368. What is the remainder when f is divided by 41?
39
Suppose 4*h - 6*h = 0. Suppose 0 = t - h*t - 4. Calculate the remainder when 14 is divided by t.
2
Suppose 0 = -9*k + 4*k + 5. Let s be (1 - -45)*k/2. Suppose -3*g + s = 2. Calculate the remainder when 19 is divided by g.
5
Let y(c) = 17*c + 6. Let v(s) = s + 1. Let m(d) = 4*v(d) - y(d). Calculate the remainder when m(-2) is divided by 3*(-3)/(18/(-26)).
11
What is the remainder when 53 is divided by (56/(-32))/(1/(-8))?
11
Suppose 3*n + 0*n - 222 = 3*x, 4*n + 2*x = 308. Let d = 90 - 64. Calculate the remainder when n is divided by d.
24
Let t(k) = k**3 - 10*k**2 + k - 10. Let g be t(10). Suppose -3*d + 13 - 1 = g. Calculate the remainder when d is divided by (-2 + -1)/(-2 + 1).
1
Suppose w - 42 = -w. Suppose 0 = -4*p - 128 + 376. Calculate the remainder when p is divided by w.
20
Let l(d) be the third derivative of d**5/60 + d**4/8 + 2*d**3/3 - d**2. Let v = 16 + -20. Calculate the remainder when l(v) is divided by 3.
2
Let b = -3 - -1. Suppose -3*v + 5*v = 8. What is the remainder when 0 + 2 + b - -6 is divided by v?
2
Let i(b) = b**2 + 3*b - 12. Suppose 4*a = x - a - 1, 0 = 4*x + 4*a - 52. Suppose -m + x = 2. Calculate the remainder when m is divided by i(-6).
3
Suppose 0 = -2*o + o. Let t be (0 + -1)/(3/(-15)). Suppose 8*j - 3*j - t = o. Calculate the remainder when 3 is divided by j.
0
Let l = 201 + -164. Calculate the remainder when 181 is divided by l.
33
Let l(o) be the second derivative of o**5/20 - 5*o**4/12 + 5*o**3/6 - 5*o. What is the remainder when l(5) is divided by 14?
11
Suppose 0 = m - 2 - 6. Suppose 5*l = m*l - 69. What is the remainder when 45 is divided by l?
22
Suppose n + 3 = 2*n. Suppose 3*o - 3*z - 19 = -8*z, n*o - 4*z = 55. Calculate the remainder when o is divided by 5.
3
Suppose -2*a - 15 = -71. Let j be (-31)/(-3*1 - -2). Suppose -81 = -5*i - j. What is the remainder when a is divided by i?
8
Suppose -5*t = c - 24, -12 = -3*t + t + 2*c. Let l = 12 + 2. What is the remainder when l is divided by t?
4
Let m(i) = -7*i**2 - 4*i - 4*i**3 + 3*i**3 + i. Calculate the remainder when m(-7) is divided by 8.
5
Let r(k) = -7*k. Suppose 7*d - 2*d = s - 7, 0 = 3*s + 3*d - 39. What is the remainder when r(-5) is divided by s?
11
Suppose -5*g + 109 = 12*p - 15*p, p = -5*g + 117. Suppose 4*w - 25 = -2*l + 7, -3*w - l + 25 = 0. What is the remainder when g is divided by w?
5
Suppose -4*o - 4*u - 2 - 2 = 0, -o + 5*u - 13 = 0. Let n = o - -19. Let w = -1 + n. Calculate the remainder when w is divided by 8.
7
Let a = 8 - 4. Suppose 0*u - a*u = -w - 27, 2*u - 6 = -2*w. Calculate the remainder when 28 is divided by u.
4
Let s(f) = f**3 + 5*f**2 + 5*f + 1. Let y be s(-3). Suppose y*z - 109 = -17. What is the remainder when 89 is divided by z?
20
Calculate the remainder when 116 + -1*(-3 - -2) is divided by 17.
15
Let c(f) = -2*f**2 + 13. What is the remainder when 34 is divided by c(0)?
8
Suppose -7*l + 6*l + 10 = 0. Calculate the remainder when 38 is divided by l.
8
Suppose o - 5*d + 14 = 0, 0*d = -5*o + d + 2. Let n be (o - 2)*-1*5. Suppose 14 = n*k - 96. What is the remainder when 42 is divided by k?
20
Suppose 11*q - 23 = 21. Calculate the remainder when 23 is divided by q.
3
Suppose 22 = 5*n - f, 2 + 6 = n - 2*f. Let p = 1 + 10. Calculate the remainder when 30 + (0/4)/n is divided by p.
8
Suppose -5*l + 150 = -0. Suppose 0*j - l = -2*j. What is the remainder when 42 is divided by j?
12
Let c(f) = f**3 + 8*f**2 + 11*f - 3. Calculate the remainder when 4 is divided by c(-6).
1
Suppose 7*w - 329 = 273. Calculate the remainder when w is divided by 15.
11
Let m(p) = 24*p**2 + 2*p - 3. Let f(j) = -24*j**2 - 3*j + 4. Let y(g) = 2*f(g) + 3*m(g). Calculate the remainder when y(1) is divided by 10 - -1 - (-3 - -2).
11
Let i be (1 - -2)/((-3)/(-8)). Let y = i - 3. Calculate the remainder when 8 is divided by y.
3
Let p(j) = -5*j**3 - j**2 - 3*j - 3. Calculate the remainder when 116 is divided by p(-2).
38
Let d = 7 - 7. Suppose -5*c + 165 = -d*c. Let y = -17 + c. What is the remainder when 46 is divided by y?
14
Suppose 0 = -5*p - 4*r - 40, -4*p + 2*r - 5*r - 32 = 0. Let m = -4 + 21. Calculate the remainder when p/20 + 324/10 is divided by m.
15
Suppose -2*z + 21 = -11. Let b = 15 - 6. Suppose -b = 2*m - 3*m. What is the remainder when z is divided by m?
7
Suppose -4*a + 93 = 1. What is the remainder when 66 is divided by a?
20
Let n be ((-2)/3)/(3/117). Let o = n - -58. Let s = o - 20. What is the remainder when 22 is divided by s?
10
Let j(k) be the second derivative of 8*k**3/3 - k**2 - 3*k. Let h = -2 - -4. Calculate the remainder when j(h) is divided by 16.
14
Suppose 10 = 6*h - h. Let l = 3 + 6. Let m = 11 - l. What is the remainder when h is divided by m?
0
Let u(z) = z**2 - 2*z - 1. Let w be u(-1). Let b be (w/3)/(8/(-12)). What is the remainder when 21 is divided by 2 - b - (-1 - 7)?
10
What is the remainder when (-50)/8*20/(-5) is divided by 13?
12
Let h(m) = m + 16. Calculate the remainder when 21 is divided by h(-8).
5
Let b = 48 - 38. What is the remainder when 15 is divided by b?
5
Suppose 1 = -2*i + 21. What is the remainder when 32 is divided by i?
2
Let s = -40 - -43. What is the remainder when 7 is divided by s?
1
Let p be 4*1/(-2) + 7. Suppose -67 = q - 2*q - p*d, d = 5. Calculate the remainder when q is divided by 11.
9
Let x = 81 + -46. Calculate the remainder when x is divided by -1 + (-15 + 2)*-1.
11
Suppose 38 = b - 129. Suppose -g = -5*p - 3*g + 161, -4*g = 5*p - b. Calculate the remainder when p is divided by 11.
9
Let k(f) = f**3 - 4*f - 2. Let b be k(4). Let z = 71 - b. What is the remainder when z is divided by 2/(-1) - (-30)/2?
12
Suppose -15*i + 38 + 97 = 0. Calculate the remainder when 20 is divided by i.
2
Suppose -2 = -4*r + 6. What is the remainder when (-47)/(-2) + r/(-4) is divided by 6?
5
Let a = 4 - -2. Suppose 44 = -0*n + 2*n + 4*j, -5*j - 170 = -5*n. Suppose 5*s - n = 25. Calculate the remainder when s is divided by a.
5
Suppose -3*h = 2*n - 342, 3*h + n - 342 = -2*n. What is the remainder when h is divided by 29?
27
Let r be (-3)/6*-4*2. Suppose z + 238 = 5*g, -r*g - g + 2*z = -241. What is the remainder when g is divided by 16?
15
Suppose x - 2*i - 26 = 0, 0 = -x - 2*i - i + 1. What is the remainder when 7 is divided by (-2)/(-8) - (-44)/x?
1
Let y(l) = l**3 - 5*l**2 - 3*l - 5. Let b be y(6). Let c = b - -1. Suppose -3*t = -4*t + 40. What is the remainder when t is divided